e 5*f + 1483 = -2*r, -594 = -13*f + 15*f + r. Let j = f - -710. What is the tens digit of j?
1
Let d(z) = -11*z + 28. Let v(c) = 14*c - 28. Let x(o) = -3*d(o) - 2*v(o). What is the hundreds digit of x(29)?
1
What is the tens digit of (34608/103)/(1/10)?
6
Suppose -3*a = -47 + 11. Suppose 0 = -2*c + y - a, -2*c - 3*c + 3*y - 29 = 0. What is the tens digit of (-159)/(-7) - 2/c?
2
Let x(f) be the first derivative of f**4/4 + 7*f**3 - 12*f**2 - 41*f - 32. Let a be x(-22). What is the tens digit of (-1524)/(-18) + a/9?
8
Let x = -177 + 179. Suppose -3*u = 3*w - 411, x*u = -2*u - 3*w + 544. What is the hundreds digit of u?
1
Suppose 8*d - 252 = d. What is the hundreds digit of ((-744)/d)/(2/(-30))?
3
Suppose -3*l + 3451 = 2772*a - 2773*a, -3*a = 21. What is the thousands digit of l?
1
Let c(p) = 56*p**2 + 220. What is the thousands digit of c(9)?
4
Suppose 11*o - 5 = -5. What is the units digit of o/36 + (-1 - -382)?
1
Suppose -23 - 373 = 6*t. What is the units digit of ((-11)/(t/72))/(10/315)?
8
Let n(u) = 13 - 6 + u**3 + 17 - 28*u + 17*u**2 + 34*u. Let c(b) = -2*b**2 - 6*b + 64. Let m be c(5). What is the hundreds digit of n(m)?
1
Suppose -72*s = -3*i - 77*s + 65210, 43475 = 2*i + 3*s. What is the ten thousands digit of i?
2
Let b(h) = -25 + 33*h**3 + 23*h**3 + h**2 - 58*h**3 - 12*h. What is the tens digit of b(-4)?
6
Let z(x) = 75*x - 43. Let d be (-20 + 12/3)*3/(-4). What is the hundreds digit of z(d)?
8
Let g(f) = 13635*f + 10432. What is the units digit of g(4)?
2
Let j(b) = 311*b**2 - 22*b + 637. What is the tens digit of j(16)?
0
Suppose -25 = -5*j, -568*u + 566*u - 3*j + 6293 = 0. What is the tens digit of u?
3
Suppose 338255 = -78*b + 3916115. What is the thousands digit of b?
5
Suppose 2*j - 11062 = -3*t, 3430 = t + 5*j - 279. What is the hundreds digit of t?
6
Let u = 825 - 351. What is the units digit of u/(-1 + (-28)/(-64)*4)?
2
Suppose -8*t = 48, 3*i - 964*t + 969*t = 17172. What is the thousands digit of i?
5
Suppose -4*n - 189 = -n. Let g be 701/2 + (n/6)/7. Let r = -155 + g. What is the hundreds digit of r?
1
Let x be (2 + -1 + -2)*-2*4. Let v(c) = 3*c - 13. Let p be v(x). Suppose -m = -163 - p. What is the tens digit of m?
7
Let f be 2 - ((-7)/7 + -356). Let p = -166 + f. What is the units digit of p?
3
Let o = -2943 + 8392. What is the thousands digit of o?
5
Suppose 0 = -4*b + 5*z + 9454, 4*b - 2*z - 9460 = -0*b. Suppose -7*d = -20*d + b. What is the tens digit of d?
8
Let l = -94 + 98. Suppose l*c + 45 = c. What is the tens digit of (65/c)/((-2)/12)?
2
Let m(d) = -3*d**2 + 3 - 12*d - 10 + 9*d**2. Let c be m(5). Suppose 0 = 8*w - 7*w - c. What is the units digit of w?
3
Suppose 96*h - 103*h = -95179. Suppose -12*x + h = 949. What is the tens digit of x?
5
Let j be (-2 - 61) + 9/(-3). Let l be 3/12 + j/(-24). Suppose l*h + 30 = 4*h. What is the units digit of h?
0
Let n(a) = 55*a - 11. Let k be (13 - 15)*(-2)/(-8)*-10. What is the hundreds digit of n(k)?
2
Let h(t) = -t + 1. Let x be h(0). Let f be 6*(-194)/3 - (-2)/x. Let u = 604 + f. What is the units digit of u?
8
Suppose -33*o + 28*o = 610. Let k = 270 + o. What is the units digit of k?
8
Suppose -15*u - 6926 = -m - 11*u, -2*m = -3*u - 13862. What is the tens digit of m?
3
What is the hundreds digit of (1995/(-1425))/(1/(-635))?
8
Let d be 126*(18/(-45))/(8/(-10)). Let q = d + -55. What is the tens digit of (1 + 12/3)*(q + 3)?
5
Let r = -22151 - -31866. What is the thousands digit of r?
9
Let b(l) = l**3 - 3*l**2 + 2*l + 3. Let c be b(2). Let u(m) = 39*m**2 + 2*m - 19. What is the hundreds digit of u(c)?
3
Let t = 93 - 91. Suppose o - b = 3, t*o - 2 - 14 = -3*b. Suppose k = -2*u + 8, -o*u = -2*u - 3. What is the units digit of k?
6
Let d be 85/(-2)*(-3 + 27/(-15)). Suppose -4*r + d - 32 = 0. Let f = r - 23. What is the units digit of f?
0
Suppose 6490 = 8*n + 3*n. Suppose 304 = 2*r - n. What is the units digit of r?
7
Let o(d) = -539*d**3 - 4*d**2 - d + 2. Let b be o(-1). Suppose 0 = f + 5, -4*f = -z - f + b. What is the tens digit of z?
2
Let x(w) = 22*w + 29. Let b(d) = -2. Let p(n) = 6*b(n) + x(n). Let o be p(3). Let u = o - -43. What is the tens digit of u?
2
Let s = -65 + 69. Suppose 0 = 4*h - 2*y - 262, -5*y + 4*y + 271 = s*h. Let n = h + -42. What is the units digit of n?
5
Let l = -76096 - -52381. What is the units digit of (-1)/(-3) + l/(-135)?
6
Suppose 137 = -5*i + 2*n, 5*i - i + 111 = 3*n. Let y be (-63)/(-21) - 2*i/(-2). What is the units digit of 164*(-6)/y - 3*1?
8
Suppose 0 = 5*d - 119124 - 50745 + 16624. What is the units digit of d?
9
Let f = -76800 - -132511. What is the thousands digit of f?
5
Let n = -4714 + 7993. Let q = 4790 - n. What is the hundreds digit of q?
5
Let y(r) = 3096*r - 1899. What is the units digit of y(4)?
5
Let m(q) = -2*q - 24. Let u be m(-10). Let x be ((-2)/((u/(-2))/(-286)))/2. Suppose 2*l = -y + 101, 5*l + 317 + x = 5*y. What is the tens digit of y?
9
Suppose 4*u + l - 4 = -0*u, -4*l + 16 = -5*u. Suppose -22 = -2*a - 3*i, -i = -u - 4. Suppose 4*r = -w + 83, 5*r - 107 = 7*w - a*w. What is the tens digit of r?
2
Suppose 52*b = -25586 + 38863 + 119063. What is the units digit of b?
5
Let q = 94 + 9. Suppose q*m - 109*m = -624. What is the units digit of m?
4
Let p = -1620 - -1003. Let g = p - -925. Suppose 0*k = -s + 3*k + 89, -4*s = 4*k - g. What is the units digit of s?
0
Suppose 4372 = 5*d - 5*w + 422, -4*d = 2*w - 3178. Suppose 3*v + 2*f = 674, 4*v + 2*f = d + 109. Suppose 4*l - 92 = v. What is the tens digit of l?
8
Let j(p) = -28 + 6*p**2 + 2*p + 5*p - 7*p. What is the tens digit of j(6)?
8
Let o be (-274)/(-10) - 2/5. Let g be ((-18)/o)/((-2)/(-15)). What is the tens digit of (-24)/(-10) - 2 - 508/g?
0
Let f(d) = -1086 + 370 + 133*d + 544. What is the hundreds digit of f(5)?
4
Suppose 2 = 20*k - 38. Suppose -k*j - 6 = -0, 3*j = -4*i + 1551. What is the hundreds digit of i?
3
Suppose 21*q - 48767 + 11220 = 732145. What is the units digit of q?
2
Suppose 4*j = 3*q + 857, -6 = 2*q - 16. Let o = 151 - j. Let m = o - -129. What is the units digit of m?
2
Suppose -3*m - 5*a + 30 - 629 = 0, -406 = 2*m + 2*a. Let z = m + 618. What is the units digit of z?
0
Let t be (27/6)/(1/(-2)). Suppose -2*u = 4*d - 158, -4*u - 8 = 5*d - 204. Let n = t + d. What is the tens digit of n?
3
Suppose -11*m - 10*m = -10038. Suppose 32*y - 30*y = m. What is the hundreds digit of y?
2
Let o = -171 - -166. What is the units digit of (10/12)/o - (-489923)/966?
7
Suppose 2*j - 31366 = -2*v, -5*v + 392*j = 393*j - 78411. What is the ten thousands digit of v?
1
Let i = 2 + 9. Suppose 5*p - 6*p + 3*w = -15, w - i = -5*p. Suppose 5*d + t = 2*d + 438, 0 = 2*d - p*t - 303. What is the units digit of d?
7
Let l = -128277 - -181879. What is the ten thousands digit of l?
5
Suppose 0 = 3*r + 6*r - 513. Let o = r - -97. Suppose 4*d - o = -2*b, d - 5*b - 64 = -20. What is the units digit of d?
9
Let m(l) = 3*l**2 + 6*l + 8. Let z = 19 - 28. Let y be m(z). Let r = y - 141. What is the units digit of r?
6
Let l be (-6466)/(-18) - (-48)/(-216). Suppose -5*h = -l - 1726. Let p = h - 280. What is the tens digit of p?
3
Let z = 19886 - 12083. What is the tens digit of z?
0
Let c be (-9 - -2)*12/(-28). Suppose -3*d + 18 = c*d. Suppose 112 = d*s + s. What is the units digit of s?
8
Suppose 0 = 15*f - 8*f. Suppose 4*w + 0*w - 944 = f. What is the units digit of 5 + -2 - w/(-4)?
2
Let v(x) = x**3 - 11*x**2 - 4*x - 18 + 10*x + 13*x. What is the hundreds digit of v(12)?
3
Let u = -52 + 94. Suppose 0 = -4*m + b - 6*b + u, 14 = m + 3*b. What is the hundreds digit of -1*(-9)/12 + 1338/m?
1
Let p(n) = -n - 9. Let y be p(-13). Suppose -y = 3*d - 541. Suppose -48 = x - d. What is the units digit of x?
1
Let v = -52090 - -75596. What is the tens digit of v?
0
Let c(x) = 280*x + 38. Let w be c(5). Let a = w + -1006. What is the units digit of a?
2
Let w = 52336 - 31212. What is the units digit of w?
4
Let p = 2614 - -3095. What is the hundreds digit of p?
7
Let p(b) = b**2 + 59*b + 1381. What is the units digit of p(-30)?
1
Let c be (1 - 18/14) + -23931*68/2142. Let n = -1082 + 543. Let t = n - c. What is the hundreds digit of t?
2
Suppose -8*f - 575 - 833 = 0. Let n = f + 589. What is the hundreds digit of n?
4
Let f = -4917 + 18181. What is the tens digit of f?
6
Suppose 13*x = 16*x 